divide 20860?
False
Does 274 divide 55351?
False
Is 21 a factor of 30198?
True
Does 79 divide 22151?
False
Is 2682 a multiple of 16?
False
Is 4515 a multiple of 43?
True
Is 24 a factor of 1080?
True
Is 949 a multiple of 20?
False
Is 23390 a multiple of 21?
False
Does 19 divide 23712?
True
Is 63 a factor of 567?
True
Is 9294 a multiple of 13?
False
Is 124 a factor of 3596?
True
Is 54 a factor of 162?
True
Does 5 divide 1823?
False
Does 27 divide 4377?
False
Is 39019 a multiple of 11?
False
Is 11220 a multiple of 20?
True
Is 4176 a multiple of 12?
True
Is 16 a factor of 60?
False
Does 25 divide 614?
False
Is 9720 a multiple of 36?
True
Is 9709 a multiple of 69?
False
Does 9 divide 251?
False
Is 1193 a multiple of 6?
False
Is 392 a multiple of 17?
False
Is 15 a factor of 5775?
True
Is 30 a factor of 29196?
False
Is 72 a factor of 254?
False
Does 17 divide 33526?
False
Is 3 a factor of 97?
False
Is 8667 a multiple of 27?
True
Does 67 divide 474?
False
Is 4899 a multiple of 71?
True
Is 928 a multiple of 58?
True
Is 59508 a multiple of 54?
True
Is 37 a factor of 5624?
True
Is 65596 a multiple of 9?
False
Does 14 divide 700?
True
Does 63 divide 819?
True
Does 231 divide 33495?
True
Is 760 a multiple of 76?
True
Is 78 a factor of 60606?
True
Is 40 a factor of 282?
False
Does 3 divide 1457?
False
Is 28811 a multiple of 6?
False
Is 21 a factor of 5536?
False
Is 21 a factor of 31626?
True
Is 8980 a multiple of 7?
False
Is 20520 a multiple of 152?
True
Is 44 a factor of 660?
True
Is 118262 a multiple of 194?
False
Is 3 a factor of 86?
False
Is 1023 a multiple of 5?
False
Is 21 a factor of 619?
False
Does 29 divide 197?
False
Is 20732 a multiple of 284?
True
Does 46 divide 834?
False
Is 129167 a multiple of 34?
False
Is 38 a factor of 3002?
True
Is 1469 a multiple of 21?
False
Does 86 divide 506?
False
Is 34 a factor of 510?
True
Does 15 divide 6761?
False
Does 119 divide 5950?
True
Is 305 a multiple of 26?
False
Is 121484 a multiple of 44?
True
Is 41 a factor of 92072?
False
Is 50685 a multiple of 314?
False
Does 20 divide 5640?
True
Does 21 divide 352?
False
Is 247 a multiple of 19?
True
Is 4 a factor of 100?
True
Does 11 divide 1035?
False
Is 76 a multiple of 9?
False
Is 5895 a multiple of 19?
False
Is 11 a factor of 261?
False
Is 20 a factor of 1310?
False
Is 102 a factor of 2040?
True
Is 24 a factor of 1536?
True
Is 1045 a multiple of 55?
True
Does 33 divide 11088?
True
Does 9 divide 324?
True
Is 9870 a multiple of 158?
False
Does 3 divide 1845?
True
Is 4185 a multiple of 279?
True
Is 25 a factor of 322?
False
Is 4794 a multiple of 2?
True
Is 98 a factor of 17346?
True
Is 22 a factor of 264?
True
Does 5 divide 3671?
False
Is 11 a factor of 22?
True
Is 23 a factor of 991?
False
Is 1380 a multiple of 46?
True
Is 9 a factor of 621?
True
Is 9 a factor of 2047?
False
Does 24 divide 18171?
False
Is 29 a factor of 7637?
False
Is 13 a factor of 2457?
True
Does 7 divide 2150?
False
Does 5 divide 752?
False
Does 34 divide 20230?
True
Does 38 divide 588?
False
Is 2468 a multiple of 19?
False
Is 33 a factor of 47487?
True
Is 85 a factor of 43862?
False
Is 3801 a multiple of 21?
True
Does 228 divide 13680?
True
Is 7 a factor of 191?
False
Does 28 divide 2268?
True
Is 38 a factor of 732?
False
Is 142 a factor of 7242?
True
Does 9 divide 36?
True
Does 10 divide 421?
False
Is 58 a factor of 1837?
False
Is 24 a factor of 21576?
True
Does 3 divide 929?
False
Is 13 a factor of 1508?
True
Is 19 a factor of 34333?
True
Is 68 a factor of 4964?
True
Is 203 a multiple of 29?
True
Does 3 divide 2103?
True
Is 85560 a multiple of 372?
True
Is 1808 a multiple of 24?
False
Is 3 a factor of 30?
True
Is 8568 a multiple of 153?
True
Does 60 divide 3792?
False
Does 35 divide 20282?
False
Is 13 a factor of 6074?
False
Does 2 divide 9?
False
Does 33 divide 18068?
False
Is 177 a factor of 129218?
False
Does 20 divide 1222?
False
Does 196 divide 9016?
True
Does 3 divide 14?
False
Is 12191 a multiple of 13?
False
Is 30 a factor of 990?
True
Is 1793 a multiple of 10?
False
Is 527 a multiple of 6?
False
Is 20 a factor of 1419?
False
Does 28 divide 364?
True
Is 982 a multiple of 125?
False
Does 49 divide 108863?
False
Is 22 a factor of 439?
False
Does 19 divide 1672?
True
Is 45052 a multiple of 44?
False
Does 27 divide 174?
False
Is 41 a factor of 33128?
True
Is 12 a factor of 106998?
False
Does 24 divide 1152?
True
Is 46 a factor of 2852?
True
Is 510 a multiple of 9?
False
Is 159 a factor of 16695?
True
Does 12 divide 1272?
True
Is 6 a factor of 1938?
True
Is 71 a factor of 4242?
False
Does 45 divide 1530?
True
Is 5 a factor of 1341?
False
Is 14 a factor of 4022?
False
Is 320 a multiple of 16?
True
Does 185 divide 15725?
True
Is 6 a factor of 1706?
False
Is 14 a factor of 1848?
True
Does 13 divide 2400?
False
Is 93 a factor of 5301?
True
Does 4 divide 312?
True
Is 228 a multiple of 14?
False
Is 19 a factor of 192?
False
Is 14 a factor of 220?
False
Is 27469 a multiple of 17?
False
Is 4 a factor of 235?
False
Is 208 a multiple of 10?
False
Does 23 divide 3983?
False
Is 1840 a multiple of 23?
True
Does 15 divide 6040?
False
Does 96 divide 6720?
True
Is 74580 a multiple of 62?
False
Does 6 divide 496?
False
Is 5 a factor of 3650?
True
Is 2980 a multiple of 10?
True
Is 101 a factor of 707?
True
Does 33 divide 551?
False
Is 12 a factor of 67884?
True
Is 59 a factor of 1357?
True
Is 7216 a multiple of 83?
False
Is 42 a factor of 81683?
False
Is 1433 a multiple of 32?
False
Does 62 divide 10931?
False
Is 1620 a multiple of 12?
True
Is 715 a multiple of 64?
False
Is 2 a factor of 25653?
False
Does 40 divide 44280?
True
Is 39 a factor of 5070?
True
Is 1374 a multiple of 88?
False
Is 910 a multiple of 35?
True
Is 14 a factor of 5401?
False
Is 54 a factor of 453?
False
Is 6354 a multiple of 14?
False
Does 87 divide 210?
False
Is 122 a multiple of 61?
True
Does 81 divide 221?
False
Does 69 divide 2160?
False
Is 462 a multiple of 23?
False
Does 27 divide 1614?
False
Is 9256 a multiple of 104?
True
Is 218 a multiple of 5?
False
Does 5 divide 786?
False
Is 306 a multiple of 9?
True
Does 7 divide 1554?
True
Does 7 divide 112?
True
Is 7817 a multiple of 29?
False
Is 20 a factor of 4764?
False
Is 15727 a multiple of 10?
False
Does 11 divide 26641?
False
Does 10 divide 2122?
False
Does 59 divide 1377?
False
Is 11352 a multiple of 88?
True
Is 3454 a multiple of 7?
False
Does 21 divide 3895?
False
Is 30 a factor of 178?
False
Is 16 a factor of 112?
True
Is 16953 a multiple of 24?
False
Does 8 divide 524?
False
Is 18521 a multiple of 36?
False
Is 19 a factor of 1330?
True
Is 12 a factor of 6165?
False
Is 15394 a multiple of 136?
False
Is 17 a factor of 11700?
False
Is 7776 even?
True
Is 23 a factor of 21528?
True
Does 73 divide 72270?
True
Does 29 divide 16182?
True
Does 33 divide 198?
True
Is 1799 a multiple of 7?
True
Is 3438 a multiple of 9?
True
Is 50 a multiple of 5?
True
Is 64 a factor of 2048?
True
Is 4 a factor of 1941?
False
Is 11 a factor of 846?
False
Does 6 divide 673?
False
Is 41 a multiple of 3?
False
Does 138 divide 2760?
True
Is 58 a multiple of 14?
False
Is 5271 a multiple of 7?
True
Is 54 a factor of 288?
False
Is 7665 a multiple of 105?
True
Does 68 divide 4896?
True
Does 7 divide 30408?
True
Is 1140 a multiple of 10?
True
Does 90 divide 13500?
True
Is 32228 a multiple of 16?
False
Does 10 divide 7660?
True
Is 16 a factor of 22048?
True
Is 16 a factor of 320?
True
Is 23 even?
False
Is 94060 a multiple of 54?
False
Is 27423 a multiple of 48?
False
Is 6 a factor of 11145?
False
Is 97 a factor of 7566?
True
Is 19 a factor of 1007?
True
Does 3 divide 908?
False
Is 11165 a multiple of 29?
True
Does 17 divide 59?
False
Is 7 a factor of 63?
True
Is 18 a factor of 1242?
True
Is 10 a factor of 1402?
False
Does 81 divide 265?
False
Does 8 divide 38528?
True
Is 16 a factor of 44245?
False
Does 297 divide 187302?
False
Is 20 a factor of 644?
False
Is 184110 a multiple of 102?
True
Is 13 a factor of 20615?
False
Is 52 a factor of 23192?
True
Is 55 even?
False
Is 92818 a multiple of 55?
False
Is 5310 a multiple of 18?
True
Is 14789 a multiple of 15?
False
Does 55 divide 84920?
True
Does 16 divide 10704?
True
Is 28 a factor of 9716?
True
Does 71 divide 3550?
True
Is 213 a factor of 6603?
True
Does 3 div